4)/(-6))/(v/(-42))?
4
Suppose 24 = -49*s + 51*s. What is the hundreds digit of s/15 - 2042/(-10)?
2
Let h(g) = -g + 2. Let k be h(4). Let x be 2/(4*1/k). What is the tens digit of -3 - (x - (-36)/(-2))?
1
Let j(h) = 13*h**2 - 41*h - 45. What is the hundreds digit of j(12)?
3
Suppose -p + 1009 = 4*n, 3*p - 5*p + 2053 = n. What is the tens digit of p?
2
Suppose -39*w + 8827 - 793 = 0. What is the tens digit of w?
0
Let j(b) = -b + 261. What is the tens digit of j(23)?
3
Suppose -171 = -a - 45. What is the hundreds digit of a?
1
Let t = -6 + 11. Suppose 2*v + 6 = t*v. Suppose 54 = -v*k + 4*k. What is the tens digit of k?
2
Suppose 898 = 17*h - 7160. What is the tens digit of h?
7
Let f be 4*3*(-32)/(-24). Let u be (-4 + 6 - 5) + f. Suppose 0 = 8*j - u*j + 150. What is the units digit of j?
0
Suppose c + 4*t - 7 = 5*t, -3*t = -2*c + 18. Suppose -6*i + 3*i = c*b - 297, 5*b - 489 = -2*i. What is the tens digit of b?
9
What is the hundreds digit of ((-32)/66 + (-30)/165)*-813?
5
Suppose s + 4*s = z + 63, -4*s + 56 = 2*z. Suppose 0 = -6*j + s*j - 469. What is the tens digit of j?
6
Let v = -48 - -270. What is the hundreds digit of v - (5 - 6 - -2)?
2
Let c = 519 + 3555. What is the thousands digit of c?
4
Suppose -3*v = -v + 2*o - 250, -3*o = v - 125. Suppose 4*b - v - 117 = -3*i, 2*i + 4*b = 160. What is the units digit of i?
2
Suppose 0 = -0*f - 2*f + 22. Suppose -f*d + 6*d = -15. What is the tens digit of 17*((1 - 2) + d)?
3
Suppose 18 = 4*v + 3*q - q, -2*v + 4*q - 6 = 0. Let s be ((-1 + 1)/(5/5))/(-1). Suppose 2*x + v*x - 70 = s. What is the units digit of x?
4
Suppose 129 = t - 389. What is the tens digit of t?
1
Let d(m) = -m + 13. Let x be 174/21 - (-2)/(-7). Let w be d(x). What is the tens digit of 106/10 - (-2)/w?
1
Let u be 1/(-5) - (-9110)/50. Suppose -683 - u = -5*h. Suppose 0 = -2*j - 4*p + 86, 0 = 5*j - 3*p - p - h. What is the tens digit of j?
3
Let d be 15/6*(-36)/(-15). Let i = d + -3. Suppose 3*l - 11 = y + 7, 0 = -5*l - i*y + 16. What is the units digit of l?
5
Let m = -7 + 9. Suppose 0 = m*x - 180 - 40. What is the tens digit of x?
1
Let c(t) = t**3 + 11*t**2 + 9*t + 23. What is the tens digit of c(-6)?
4
Let a(i) = 3*i**2 - 4*i - 5. Let x(h) = 4*h**2 - 5*h - 6. Let m(u) = -5*a(u) + 4*x(u). What is the tens digit of m(-3)?
1
Suppose 4*q + n + 1771 = 0, q - 4*n = -0*n - 430. Let g = -188 - q. What is the hundreds digit of g?
2
Suppose -q + 14 = q + n, 3*q = n + 11. Suppose q = 3*v - 10. Suppose 3*o - v*l - 55 - 153 = 0, 3*l + 281 = 4*o. What is the tens digit of o?
7
Let q(w) = w**2 - 3*w - 3. Let d be q(-6). Suppose 0*f + d = f. What is the tens digit of f?
5
Let u = 155 + -85. Let r be (-1)/3 + 32/6. Suppose r*g - u = -0*g. What is the units digit of g?
4
Let w = 16844 - 10758. What is the units digit of w?
6
Suppose 4*k = 2*k - 8. What is the units digit of (-358)/k - 6/(-4)?
1
Suppose y + 1 - 4 = 0. Let b(l) be the third derivative of 2*l**5/15 - l**4/12 + 7*l**3/6 + 3*l**2 - 3*l. What is the units digit of b(y)?
3
Let t(d) = -d**3 - 4*d**2 + 9*d + 3. Suppose -2*v + a = 15, 0 = 4*v + 3*a + 26 + 9. Let h = 2 + v. What is the tens digit of t(h)?
2
Suppose 36 = 4*g - 2*d - 0*d, 2*d + 12 = g. Suppose -17 = -5*s + g. Suppose -6 = 2*z + 2, 0 = -h - s*z + 24. What is the units digit of h?
4
Let o(p) = -p**3 - p**2 + 2*p - 13. Let l be o(0). Let d = l + 43. Suppose -14 = -2*t + x - 0*x, 0 = 5*t - 5*x - d. What is the units digit of t?
8
Let t = -20 - -26. Let h be (-27)/(-6) + 3/t. Suppose q = h*q - 40. What is the units digit of q?
0
Suppose 2*v = -2*u - 0*u + 22, -2*u + 24 = 3*v. Suppose -u*f = -2*f - 1281. What is the tens digit of f?
8
Suppose -81*c + 1159 = -56. Suppose -2*f + 30 = -16. Suppose -2*h + f = -c. What is the tens digit of h?
1
Suppose 6*c = 5*c + 3. Suppose 2*s = c*l - 3*s + 10, 4*l - 30 = -2*s. Suppose l*z - 49 - 60 = -4*h, 5*h - 2*z - 95 = 0. What is the units digit of h?
1
Let r be 12/78 - ((-852)/13)/3. Suppose 0 = 20*h - r*h + 378. What is the units digit of h?
9
Let w(y) = 3*y - 7. Suppose 8 = -2*t + 2. Let s be 4/(-6) + (-20)/t. What is the units digit of w(s)?
1
Suppose -3*n + 7606 = 2*h, -4*h - 18*n = -16*n - 15204. What is the units digit of h?
0
Suppose 0 = 5*d + 5, -2319 = -12*j + 8*j + 3*d. What is the tens digit of j?
7
Suppose -2*k + 5086 = 5*f, -4*k - 2*f + 14530 = 4374. What is the units digit of k?
8
Suppose -2*s = -270 - 310. What is the hundreds digit of s?
2
Suppose 0 = 3*r - 2*k - 20, 4*r - 28 = -2*k + 5*k. Let b(n) = -4*n + 20. What is the units digit of b(r)?
4
Let x = -27 - -21. Let j(y) = -12*y + 1. What is the tens digit of j(x)?
7
Let a = -12 - -20. Let o(r) = 2*r**2 - 13 - 28*r + 13*r + 7. What is the units digit of o(a)?
2
Let c(b) = -17*b - 87. Let u(d) = 1. Let f(m) = c(m) + 5*u(m). What is the units digit of f(-19)?
1
Let z = 83 + 2622. What is the tens digit of z?
0
Suppose -5*x - 56 + 6 = 0. Let z(h) = -h**2 - 10*h + 7. What is the units digit of z(x)?
7
Suppose -g = -5*z - 3004, -3*z = 5 - 14. What is the tens digit of g?
1
Let y be 6*(6/3)/6. What is the hundreds digit of y + -2 - -4 - -140?
1
Suppose -160 = 14*b - 19*b. What is the tens digit of b?
3
Let c(x) = 18 + 8*x + 9*x - 26*x. Let s be c(-8). Let q = 155 - s. What is the units digit of q?
5
Suppose 0 = 2*y + 3*o - 12, 5*y + 3*o - 28 = -7. Suppose -15 = -y*v - 2*v. Suppose v*x = 4*x + 4*q - 10, -5*q + 51 = 3*x. What is the tens digit of x?
2
Suppose -23 = -7*v + 12. Let s(i) = i**3 + 2*i**2 - 5*i + 6. What is the units digit of s(v)?
6
Suppose -3*j = -r + 486, j - 3 = -5. What is the tens digit of r?
8
Suppose -2*d + 84 = -3*d. Let l = d + 127. What is the tens digit of l?
4
Suppose 8*j + 53024 = 40*j. What is the thousands digit of j?
1
Suppose 0 = -4*o + 3*v + 4518, -v - 503 = -o + 626. What is the hundreds digit of o?
1
Let b(n) = -2*n**3 - 12*n**2 + 11*n - 21. What is the hundreds digit of b(-10)?
6
Let h = -69 + 25. Let b be h/(-6) - 8/(-12). Let s = b + -1. What is the units digit of s?
7
Suppose 5*x = 3*c - 5, 5*c + x = -1 - 28. Let j be 84/30 - 1/c. Suppose -j*m - 15 + 144 = 0. What is the units digit of m?
3
Let n be 14*(-12)/(-8) - 3. Let g = n - 14. Suppose v + 35 = w, -g*v + 1 + 9 = w. What is the units digit of w?
0
Let i = 204 + -16. What is the units digit of i?
8
Let b(x) = -2*x**2 - 32*x - 9. Let g be b(-7). Let j = 222 - g. What is the tens digit of j?
0
Let h = 14 + -1. Let o = 16 - h. What is the units digit of 14*-2*(-4 + o)?
8
Let c(o) = o**3 - 13*o**2 + 9*o - 4. Let k be c(12). Suppose -l - 3*l = -256. Let j = k + l. What is the tens digit of j?
2
Suppose -8*p + 3*p = -4*s + 1189, 5*p - 15 = 0. What is the units digit of s?
1
Let p(v) = 9*v**2 + 49*v - 8. What is the hundreds digit of p(12)?
8
Suppose 0 = 5*o + 5*f - 20, 0 = -o - 5*f - 0 + 20. What is the tens digit of -77*(-3 + o)/3?
7
Let v = -990 + 1622. What is the tens digit of v?
3
Let j = -34 + 48. Let g = -11 + j. Suppose 2*w - 6*s + s - 35 = 0, 4*w - 105 = g*s. What is the tens digit of w?
3
Suppose 0 = 4*c + l - 37, -4*l + 10 + 10 = 0. Let p be 30/10*c/6. Suppose -q + 200 = p*q. What is the units digit of q?
0
Let c = 178 + -176. What is the tens digit of 72/4 + c - -5?
2
Suppose 3*o = -o + 460. Let v = o + 75. Suppose 5*s + 2*g = v, 105 = -0*s + 2*s - 5*g. What is the units digit of s?
0
Let z(l) = -427*l**3 - l - 2. Let o be z(-1). Let p = o - 272. What is the units digit of p?
4
Suppose 9*w - 6*w = 4413. What is the thousands digit of w?
1
Let g = 2866 + -1258. What is the units digit of g?
8
Suppose u - 432 = -3*n, 4*u - 6*u + 5*n + 853 = 0. What is the units digit of u?
9
Let q = 35 + -15. Suppose 0 = l - 2 - q. What is the units digit of l?
2
What is the units digit of 0/(1 + 0) + 26 + 150?
6
Suppose -1 = m, 5*b + 6*m = 7*m + 11. Suppose 20 = 4*i, 0*h + 5*h + b*i = 15. Suppose 0 = s - 10 - h. What is the units digit of s?
1
Suppose -4*d = d - 20. Suppose -7*y + 24 = -d*y. What is the units digit of y?
8
Suppose -21*q + 19*q + 834 = -2*m, 5*q = -m + 2103. What is the tens digit of q?
2
Let c = -9 + 19. Suppose -16 = 6*p - c*p. Suppose 126 = p*f - f. What is the units digit of f?
2
Suppose 17 = -4*v + 1, 0 = -2*k - 2*v - 4. Let y(x) = -9*x - 22 + 19 + k*x. What is the units digit of y(-4)?
5
Suppose -5*l = 5*o - 200, o - 1 = -3*l + 37